 3. What is v(2)?
-21
Let i(p) = -17012*p + 153102. Give i(9).
-6
Let p(b) = b**2 - 66*b - 757. What is p(-10)?
3
Let y(b) = 9*b + 115. Calculate y(-21).
-74
Let l(y) = 4*y**2 + 2*y - 20. Give l(5).
90
Let t(q) = 164*q + 1813. Calculate t(-11).
9
Let k(v) = -v**3 + v**2 - 6*v + 78. Give k(4).
6
Let k(g) = g**3 + 32*g**2 + 87*g - 24. Calculate k(-29).
-24
Let w(v) = 4*v**2 + 8*v + 16. Give w(-7).
156
Let p(a) = a + 507. Determine p(45).
552
Let r(c) = c**3 + 74*c**2 + 63*c - 730. Calculate r(-73).
0
Let i(c) = -267*c**2 + 17*c + 31. Give i(-2).
-1071
Let a(s) = -141*s - 1767. Calculate a(-11).
-216
Let h(r) = 2*r**2 - 10*r - 9. Determine h(5).
-9
Let w(j) = 3*j - 70. What is w(-8)?
-94
Let g(m) = -2*m**3 - 9*m**2 + 34*m - 3. Give g(-7).
4
Let v(x) = -x**3 - 195*x**2 - 3802*x + 689. Determine v(-173).
-3
Let k(o) = -10*o + 101. What is k(9)?
11
Let o(f) = 3*f - 17. Determine o(-10).
-47
Let c(z) = 486*z - 31611. Give c(65).
-21
Let i(o) = -2597*o**2 - 12993*o + 7. Determine i(-5).
47
Let f(j) = -j**2 + 52. Give f(-6).
16
Let z(r) = -23*r**2 - 139*r + 11. Calculate z(-6).
17
Let t(h) = 16081*h + 32162. Calculate t(-2).
0
Let f(u) = 8194*u - 106516. Give f(13).
6
Let j(p) = 3*p**3 - 3*p**2 + 2*p + 16. Calculate j(0).
16
Let i(k) = 272*k + 16857. What is i(-62)?
-7
Let w(m) = 3099*m - 24900. What is w(8)?
-108
Let z(l) = 66*l**2 + 717*l - 1. What is z(-11)?
98
Let l(y) = 29*y - 142. Determine l(6).
32
Let f(b) = -45*b - 2036. What is f(-34)?
-506
Let d(w) = -929*w - 6481. Calculate d(-7).
22
Let g(k) = k**3 - 152*k**2 - 475*k + 1566. What is g(155)?
16
Let t(z) = z**2 - 20*z - 9. Calculate t(14).
-93
Let q(m) = 4*m**2 + 22*m - 18. Give q(6).
258
Let s(t) = -33*t - 4. Give s(-3).
95
Let w(j) = -141*j**2 + 553*j + 5. Give w(4).
-39
Let z(o) = -5*o**2 + 267*o - 835. Determine z(50).
15
Let i(k) = 2878*k + 11517. What is i(-4)?
5
Let o(m) = 17319*m + 51932. What is o(-3)?
-25
Let u(t) = -382*t - 31351. Calculate u(-82).
-27
Let j(g) = -55*g + 933. Calculate j(17).
-2
Let h(u) = -2*u**3 - 3*u**2 + 76*u. Give h(-7).
7
Let w(v) = -9882*v - 365644. Calculate w(-37).
-10
Let x(m) = m**3 - 82*m**2 + 166*m + 5605. What is x(79)?
-4
Let a(x) = 20*x + 112. What is a(-8)?
-48
Let l(j) = j**3 - 51*j**2 + 115*j - 845. Determine l(49).
-12
Let n(k) = -47*k**2 - 4516*k - 390. Give n(-96).
-6
Let x(h) = -h**2 + 26*h + 96. What is x(35)?
-219
Let h(y) = y**3 - 8*y**2 + 12*y - 19. What is h(4)?
-35
Let k(h) = -4*h**2 - 1886*h - 9407. What is k(-5)?
-77
Let r(z) = 86*z + 30709. Calculate r(-357).
7
Let a(z) = -2*z**2 + 32*z + 18. What is a(12)?
114
Let l(b) = -7*b**2 - 280*b - 1785. Determine l(-32).
7
Let g(x) = 102*x + 3. Calculate g(3).
309
Let f(x) = 8*x**2 - 381*x - 15. Give f(48).
129
Let w(r) = r**3 + 16*r**2 - 8*r + 476. What is w(-18)?
-28
Let q(y) = 2*y**3 + 72*y**2 - 76*y - 80. What is q(-37)?
-6
Let z(r) = 2*r**2 + 1270*r + 8. Determine z(0).
8
Let p(w) = 22*w + 429. Determine p(-24).
-99
Let s(l) = 3*l**3 - 5*l**2 - 95*l + 200. What is s(2)?
14
Let z(k) = 2*k**3 - 9*k**2 - 8*k + 42. Give z(4).
-6
Let h(v) = 2*v**3 + 24*v**2 - 29*v - 34. Give h(-13).
5
Let n(l) = 37*l + 359. Give n(-17).
-270
Let c(h) = 43*h - 692. Determine c(16).
-4
Let q(a) = -3*a**2 + 45*a - 324. Determine q(12).
-216
Let r(u) = -u**3 + 43*u**2 + 93*u - 102. What is r(45)?
33
Let w(c) = 3*c**3 - 87*c**2 + 163*c - 64. Determine w(27).
-37
Let j(o) = 8*o**3 - 3*o**2 - 10*o + 9. What is j(3)?
168
Let m(y) = y**3 + 8*y**2 + 2. Determine m(-8).
2
Let c(q) = 10*q - 60. Determine c(6).
0
Let t(j) = 3*j**2 - 39*j + 115. Give t(8).
-5
Let n(q) = 14*q**2 - 89*q + 25. Give n(11).
740
Let d(t) = 20*t**2 + 144*t + 12. What is d(-7)?
-16
Let j(n) = 12*n**2 + 7*n - 11. Calculate j(2).
51
Let p(v) = v**3 - 38*v**2 + 76*v - 76. Determine p(36).
68
Let m(a) = -6*a**3 - 2*a**2 + a + 6. Determine m(2).
-48
Let i(n) = -n**2 + 20*n + 34. Determine i(30).
-266
Let w(v) = -v**3 + 69*v**2 - 72*v + 275. Determine w(68).
3
Let q(z) = z**3 + 50*z**2 + 453*z - 128. Give q(-38).
-14
Let c(h) = -h**3 - 4*h**2 + 16*h + 48. Determine c(-5).
-7
Let y(s) = -s**2 + 275*s - 11285. Give y(50).
-35
Let y(z) = 108*z + 2137. What is y(-20)?
-23
Let l(r) = -6*r**2 - r + 3. What is l(3)?
-54
Let j(s) = 59*s + 6143. Give j(-104).
7
Let u(i) = i**3 + 7*i**2 + 3*i + 35. Give u(-7).
14
Let z(o) = 27*o**2 - 651*o + 78. Give z(24).
6
Let o(d) = 3*d**2 - 65*d + 58. Give o(20).
-42
Let o(r) = r**3 + 10*r**2 - 153*r + 8. Determine o(8).
-64
Let w(t) = 25*t + 497. What is w(-21)?
-28
Let j(v) = 33*v - 1823. Give j(55).
-8
Let v(i) = -1914*i - 42. Determine v(0).
-42
Let d(a) = a**3 - 49*a**2 + 571*a - 242. Calculate d(18).
-8
Let y(g) = -458*g + 4135. What is y(9)?
13
Let j(a) = 9*a - 90. What is j(4)?
-54
Let p(s) = -101*s + 63. Calculate p(1).
-38
Let z(u) = -78*u. Give z(0).
0
Let o(g) = -363*g - 13460. Give o(-37).
-29
Let k(w) = 256*w - 2812. What is k(11)?
4
Let l(v) = 5*v - 301. Calculate l(33).
-136
Let x(s) = -s**3 + 5*s**2 + 14*s - 66. Determine x(3).
-6
Let t(d) = -21*d + 313. Determine t(15).
-2
Let x(p) = -16*p - 186. Calculate x(-12).
6
Let z(n) = -n**2 + 11*n + 3. Calculate z(-1).
-9
Let n(s) = 22*s**3 + 107*s**2 - 6*s + 14. What is n(-5)?
-31
Let x(a) = -2*a**2 + 157*a + 2050. Determine x(-12).
-122
Let o(r) = 7*r**2 + 85*r - 37. Determine o(-12).
-49
Let f(g) = g**3 + 7*g**2 - 16*g + 22. Calculate f(3).
64
Let o(v) = -2*v**2 - 8*v + 6. Calculate o(2).
-18
Let q(u) = 2*u**2 - 19*u - 11. What is q(0)?
-11
Let b(m) = -221*m + 1572. Determine b(7).
25
Let m(d) = -3*d**3 - 82*d**2 + 62*d + 169. Calculate m(-28).
1
Let f(m) = 2*m**3 - 109*m**2 - 287*m + 97. What is f(57)?
-17
Let s(o) = 34*o - 1120. Calculate s(33).
2
Let d(q) = 12*q - 196. What is d(17)?
8
Let s(b) = -5*b**2 + 8*b + 38. Calculate s(-8).
-346
Let a(v) = -v**3 - 10*v**2 - 24*v + 8. Give a(-5).
3
Let i(t) = 243*t + 712. Determine i(-3).
-17
Let c(u) = u**2 + 49*u - 2045. Give c(-76).
7
Let o(s) = -34*s + 152. Calculate o(5).
-18
Let b(z) = 4894*z + 29352. Determine b(-6).
-12
Let o(n) = -36*n**2 + 2303*n + 63. Calculate o(64).
-1
Let w(m) = -m**3 - 77*m**2 - 1478*m + 23. Calculate w(-40).
-57
Let l(c) = 420*c - 4179. What is l(10)?
21
Let u(a) = 421*a - 2539. What is u(6)?
-13
Let l(i) = -2*i**2 - 21*i + 92. What is l(-14)?
-6
Let n(v) = 2*v**3 + 22*v**2 + 62*v + 477. Determine n(-10).
57
Let d(l) = -8*l**2 + 54*l - 245. Give d(5).
-175
Let b(a) = 32*a**2 + 23*a - 49. Calculate b(2).
125
Let k(i) = -91*i + 354. What is k(3)?
81
Let d(m) = -2*m**3 + 10*m**2 - 46*m - 9. Determine d(5).
-239
Let k(j) = -2*j**3 + 129*j**2 - 62*j - 80. What is k(64)?
48
Let b(g) = -844*g - 33756. Calculate b(-40).
4
Let f(s) = 4*s**2 + 69*s - 38. Determine f(-17).
-55
Let o(p) = 655*p - 8527. Give o(13).
-12
Let u(f) = -1108*f - 28. What is u(-1)?
1080
Let x(n) = -4*n**3 - 39*n**2 - 9*n - 63. Give x(-9).
-225
Let w(a) = -2*a**3 + 23*a**2 - 20*a + 90. Determine w(11).
-9
Let q(u) = 2*u**3 - 49*u**2 + 6*u - 889. Give q(25).
-114
Let h(q) = 27*q**2 - 621*q - 5. Give h(0).
-5
Let h(r) = 6*r**2 - 173*r - 3000. Calculate h(41).
-7
Let d(c) = -492*c - 1003. Determine d(-3).
473
Let i(f) = -f**3 - 48*f**2 + 96*f - 208. What is i(-50)?
-8
Let u(a) = -11*a + 7. Give u(0).
7
Let r(a) = -a**2 + 434. Calculate r(23).
-95
Let k(l) = -124*l - 7445. Calculate k(-60).
-5
Let m(l) = 10155*l - 40614. What is m(4)?
6
Let u(o) = -41*o**3 + 3076*o**2 - 76*o + 75. Give u(75).
0
Let c(q) = -6*q + 699. What is c(121)?
-27
Let o(a) = -2*a**3 + 5*a**2 - 6*a + 1. Determine o(3).
-26
Let m(a) = a**2 - 75*a + 1243. Calculate m(25).
-7
Let x(q) = -87*q + 2360. Calculate x(27).
11
Let y(b) = -178*b + 534. What is y(3)?
0
Let m(g) = g**3 - 59*g**2 - 63*g + 178. Determine m(60).
-2
Let b(g) = g**3 - 20*g**2 + 12*g - 224. Determine b(20).
16
Let i(p) = -p**2 - 108*p - 1698. Give i(-89).
-7
Let s(h) = -27*h**2 + 838*h - 21. Give s(31).
10
Let d(j) = 2*j**3 - 2*j**2 + 27*j - 26. Calculate d(1).
1
Let o(k) = k**2 + 61*k + 107. Give o(-45).
-613
Let t(n) = -6*n**2 + 219*n + 238. Calculate t(38).
-104
Let r(n) = -15*n + 36. Calculate r(14).
-174
Let t(j) = -2*j**3 + 19*j**2 + 8*j + 16. Give t(10).
-4
Let a(u) = 455*u**2 - 20*u - 20. What is a(-1)?
455
Let v(t) = -111*t + 1435. Give v(13).
-8
Let b(p) = p**3 + 63*p**2 - 